{"id":45155,"date":"2026-03-27T14:58:49","date_gmt":"2026-03-27T14:58:49","guid":{"rendered":"https:\/\/fica-oc.pt\/events\/workshop-fabrico-de-papel-artesanal-maio-2026\/"},"modified":"2026-03-27T15:23:41","modified_gmt":"2026-03-27T15:23:41","slug":"handmade-paper-workshop-may-2026","status":"publish","type":"ajde_events","link":"https:\/\/fica-oc.pt\/en\/events\/workshop-fabrico-de-papel-artesanal-maio-2026\/","title":{"rendered":"Handmade Paper Workshop"},"content":{"rendered":"<div class=\"wp-block-group alignfull is-layout-constrained wp-block-group-is-layout-constrained\">\n<div class=\"wp-block-columns alignfull is-layout-flex wp-container-core-columns-is-layout-1a9244c7 wp-block-columns-is-layout-flex\">\n<div class=\"wp-block-column is-layout-flow wp-block-column-is-layout-flow\">\n<h1 class=\"wp-block-heading has-medium-font-size\" style=\"font-style:normal;font-weight:700\">Handmade Paper Workshop<\/h1>\n\n\n\n<p class=\"wp-block-paragraph\"><strong>May 9th, 2026<br>Saturday | 14h30 - 17h30<\/strong><br>Price - 65\u20ac (Material included)<br>Trainer - <a href=\"https:\/\/www.instagram.com\/rita.faia\/\" target=\"_blank\" rel=\"noopener\">Rita Faia<\/a><br>Note: This workshop takes place on floor -1, accessible only by stairs.<\/p>\n\n\n\n<div class=\"wp-block-columns is-layout-flex wp-container-core-columns-is-layout-0098f7a7 wp-block-columns-is-layout-flex\" style=\"padding-right:0;padding-left:0\">\n<div class=\"wp-block-column is-layout-flow wp-container-core-column-is-layout-eab7f3cd wp-block-column-is-layout-flow\" style=\"padding-right:var(--wp--preset--spacing--20);padding-left:var(--wp--preset--spacing--20)\">\n<figure class=\"wp-block-image size-full\"><img loading=\"lazy\" decoding=\"async\" width=\"400\" height=\"400\" src=\"https:\/\/fica-oc.pt\/wp-content\/uploads\/2026\/03\/fica-workshop-Fabrico-Papel-Artesanal-01.webp\" alt=\"handmade paper workshop\" class=\"wp-image-45159\" srcset=\"https:\/\/fica-oc.pt\/wp-content\/uploads\/2026\/03\/fica-workshop-Fabrico-Papel-Artesanal-01.webp 400w, https:\/\/fica-oc.pt\/wp-content\/uploads\/2026\/03\/fica-workshop-Fabrico-Papel-Artesanal-01-300x300.webp 300w, https:\/\/fica-oc.pt\/wp-content\/uploads\/2026\/03\/fica-workshop-Fabrico-Papel-Artesanal-01-150x150.webp 150w, https:\/\/fica-oc.pt\/wp-content\/uploads\/2026\/03\/fica-workshop-Fabrico-Papel-Artesanal-01-12x12.webp 12w, https:\/\/fica-oc.pt\/wp-content\/uploads\/2026\/03\/fica-workshop-Fabrico-Papel-Artesanal-01-161x161.webp 161w\" sizes=\"auto, (max-width: 400px) 100vw, 400px\" \/><\/figure>\n<\/div>\n\n\n\n<div class=\"wp-block-column is-layout-flow wp-block-column-is-layout-flow\" style=\"padding-right:var(--wp--preset--spacing--20);padding-left:var(--wp--preset--spacing--20)\">\n<figure class=\"wp-block-image size-full\"><img loading=\"lazy\" decoding=\"async\" width=\"400\" height=\"400\" src=\"https:\/\/fica-oc.pt\/wp-content\/uploads\/2026\/03\/fica-workshop-Fabrico-Papel-Artesanal-02.webp\" alt=\"handmade paper workshop\" class=\"wp-image-45160\" srcset=\"https:\/\/fica-oc.pt\/wp-content\/uploads\/2026\/03\/fica-workshop-Fabrico-Papel-Artesanal-02.webp 400w, https:\/\/fica-oc.pt\/wp-content\/uploads\/2026\/03\/fica-workshop-Fabrico-Papel-Artesanal-02-300x300.webp 300w, https:\/\/fica-oc.pt\/wp-content\/uploads\/2026\/03\/fica-workshop-Fabrico-Papel-Artesanal-02-150x150.webp 150w, https:\/\/fica-oc.pt\/wp-content\/uploads\/2026\/03\/fica-workshop-Fabrico-Papel-Artesanal-02-12x12.webp 12w, https:\/\/fica-oc.pt\/wp-content\/uploads\/2026\/03\/fica-workshop-Fabrico-Papel-Artesanal-02-161x161.webp 161w\" sizes=\"auto, (max-width: 400px) 100vw, 400px\" \/><\/figure>\n<\/div>\n\n\n\n<div class=\"wp-block-column is-layout-flow wp-block-column-is-layout-flow\" style=\"padding-right:var(--wp--preset--spacing--20);padding-left:var(--wp--preset--spacing--20)\">\n<figure class=\"wp-block-image size-full\"><img loading=\"lazy\" decoding=\"async\" width=\"400\" height=\"400\" src=\"https:\/\/fica-oc.pt\/wp-content\/uploads\/2026\/03\/fica-workshop-Fabrico-Papel-Artesanal-03.webp\" alt=\"handmade paper workshop\" class=\"wp-image-45161\" srcset=\"https:\/\/fica-oc.pt\/wp-content\/uploads\/2026\/03\/fica-workshop-Fabrico-Papel-Artesanal-03.webp 400w, https:\/\/fica-oc.pt\/wp-content\/uploads\/2026\/03\/fica-workshop-Fabrico-Papel-Artesanal-03-300x300.webp 300w, https:\/\/fica-oc.pt\/wp-content\/uploads\/2026\/03\/fica-workshop-Fabrico-Papel-Artesanal-03-150x150.webp 150w, https:\/\/fica-oc.pt\/wp-content\/uploads\/2026\/03\/fica-workshop-Fabrico-Papel-Artesanal-03-12x12.webp 12w, https:\/\/fica-oc.pt\/wp-content\/uploads\/2026\/03\/fica-workshop-Fabrico-Papel-Artesanal-03-161x161.webp 161w\" sizes=\"auto, (max-width: 400px) 100vw, 400px\" \/><\/figure>\n<\/div>\n<\/div>\n\n\n\n<h2 class=\"wp-block-heading has-medium-font-size\" style=\"font-style:normal;font-weight:700\">Description<\/h2>\n\n\n\n<p class=\"wp-block-paragraph\">In the handmade paper workshop, participants will experience the handmade process of recycling paper, from processing the pulp to creating a new sheet. The materials needed to make it and the different properties of paper will be covered, with a focus on transforming and enhancing it, either by changing its shape and color or by adding new elements (leaves, petals, lines...).Recycling paper has many advantages, not only because it consumes less water and energy (compared to processing virgin fibers), but also because it makes it possible to use scraps of paper that would otherwise be discarded.<\/p>\n\n\n\n<p class=\"wp-block-paragraph\">No previous knowledge necessary.<\/p>\n\n\n\n<h2 class=\"wp-block-heading has-medium-font-size\" style=\"font-style:normal;font-weight:700\">Practical Exercise<\/h2>\n\n\n\n<p class=\"wp-block-paragraph\">Using waste paper from various sources, sizes, colors and textures, you will learn how to prepare it for recycling and making handmade paper. Machines and tools that are handmade or easily accessible will be used, so that you can continue to apply the methods taught in your home production. Using the various elements available, we will transform the color, shape and texture of the paper to make sheets of different shapes and sizes.<\/p>\n\n\n\n<h2 class=\"wp-block-heading has-medium-font-size\" style=\"font-style:normal;font-weight:700\">Program content<\/h2>\n\n\n\n<p class=\"wp-block-paragraph\">Introduction to papermaking, its sources and manufacturing processes - Papermaking using waste paper - Transforming and changing the shape, color and texture of paper - Drying and storage process.<\/p>\n\n\n\n<h2 class=\"wp-block-heading has-medium-font-size\" style=\"font-style:normal;font-weight:700\">Material<\/h2>\n\n\n\n<p class=\"wp-block-paragraph\">Papel para reciclar \/ elementos bot\u00e2nicos \/ linhas\n\u2022   Molduras e Teias\n\u2022   Tinas, trituradora e panos\n\u2022   Cada participantes levar\u00e1 a pilha de folhas criadas durante o workshop\n\u2022   Mini-manual de introdu\u00e7\u00e3o \u00e0 produ\u00e7\u00e3o de papel artesanal<\/p>\n\n\n\n<h2 class=\"wp-block-heading has-medium-font-size\" style=\"font-style:normal;font-weight:700\">Waiting List<\/h2>\n\n\n\n<p class=\"wp-block-paragraph\">Cancellations may occur. If the training is sold out and you would like to receive an alert if there are any withdrawals, send an e-mail to workshop@fica-oc.pt, with the subject line '<strong>waiting list - papermaking workshop<\/strong>If there is a cancellation for this specific workshop, we will let you know.<br>We don't take reservations for future courses. If you want to find out first-hand about the next month's courses, you can subscribe to our <a href=\"https:\/\/fica-oc.pt\/en\/newsletter-2\/\">Newsletter<\/a>.<br><\/p>\n\n\n\n<h2 class=\"wp-block-heading has-medium-font-size\" style=\"font-style:normal;font-weight:700\">About the trainer<\/h2>\n\n\n\n<p class=\"wp-block-paragraph\">Rita Faia was born in 1987 in Lisbon. She has a postgraduate degree in Artistic Illustration from Estal\/UAL and a degree in Painting from the Faculty of Fine Arts in Lisbon.During a Nature Drawing Course she discovered field trips and a love of drawing plants and since then botany has been the main focus of her work. She works with drawing, gouache painting, alternative photographic processes and handmade papermaking.<\/p>\n\n\n\n<h2 class=\"wp-block-heading has-medium-font-size\" style=\"font-style:normal;font-weight:700\">Cancellation of Registration<\/h2>\n\n\n\n<p class=\"wp-block-paragraph\">IMPORTANT - Cancellation\/postponement\/refund of registrations (including gift voucher registrations) is only allowed if you give us at least 7 days' notice before the start of the workshop. If you cancel less than 7 days before the start of the workshop, we will do our best to fill your place, however, you can only postpone the workshop (or put the amount in a gift voucher) if your place is filled.<\/p>\n\n\n\n<p class=\"wp-block-paragraph\">If a trainee fails to attend one or more training sessions, FICA is not responsible for replacing or compensating for that session.<br>To cancel\/admit\/refund, send an e-mail to workshop@fica-oc.pt<br>Find out more at <a href=\"https:\/\/fica-oc.pt\/en\/terms-and-conditions\/\">terms and conditions<\/a> from the website.<\/p>\n\n\n\n<h2 class=\"wp-block-heading has-medium-font-size\" style=\"font-style:normal;font-weight:700\">No. of trainees<\/h2>\n\n\n\n<p class=\"wp-block-paragraph\">Minimum number: 6pax \/ Maximum number: 9pax<br>According to our terms, the training may be canceled if the minimum number of trainees is not met - Find out more at <a href=\"https:\/\/fica-oc.pt\/en\/terms-and-conditions\/\">terms and conditions<\/a> from the website.<br>Minimum age for participation: 16 years \/ Accompanied by an adult (two entries): 14 years<\/p>\n\n\n\n<h2 class=\"wp-block-heading has-medium-font-size\" style=\"font-style:normal;font-weight:700\">Other Workshops<\/h2>\n\n\n\n<p class=\"wp-block-paragraph\">In addition to the handmade paper workshop, we have other workshops such as screen printing or marbled paper.<em>.<\/em><br>It accompanies the <a href=\"https:\/\/fica-oc.pt\/en\/workshops\/\">Workshops<\/a>.<\/p>\n\n\n\n<hr class=\"wp-block-separator has-text-color has-custom-d-grey-fica-color has-alpha-channel-opacity has-custom-d-grey-fica-background-color has-background\"\/>\n\n\n\n<p class=\"wp-block-paragraph\"><strong><strong>The workshop is held in Portuguese. If you don't speak Portuguese, we will try to translate in English. But understand that Portuguese will be the main language.<\/strong><\/strong><\/p>\n\n\n\n<p class=\"wp-block-paragraph\" style=\"padding-top:var(--wp--preset--spacing--60);padding-bottom:var(--wp--preset--spacing--60)\">Photo credit: Rita Faia<\/p>\n<\/div>\n<\/div>\n<\/div>","protected":false},"author":3,"featured_media":28828,"menu_order":0,"comment_status":"closed","ping_status":"closed","template":"","meta":{"_crdt_document":""},"tags":[20],"event_type":[474],"event_type_2":[],"class_list":["post-45155","ajde_events","type-ajde_events","status-publish","has-post-thumbnail","hentry","tag-papel","event_location-fica-oficina-criativa-novo","event_type-fabrico-de-papel"],"_links":{"self":[{"href":"https:\/\/fica-oc.pt\/en\/wp-json\/wp\/v2\/ajde_events\/45155","targetHints":{"allow":["GET"]}}],"collection":[{"href":"https:\/\/fica-oc.pt\/en\/wp-json\/wp\/v2\/ajde_events"}],"about":[{"href":"https:\/\/fica-oc.pt\/en\/wp-json\/wp\/v2\/types\/ajde_events"}],"author":[{"embeddable":true,"href":"https:\/\/fica-oc.pt\/en\/wp-json\/wp\/v2\/users\/3"}],"replies":[{"embeddable":true,"href":"https:\/\/fica-oc.pt\/en\/wp-json\/wp\/v2\/comments?post=45155"}],"wp:featuredmedia":[{"embeddable":true,"href":"https:\/\/fica-oc.pt\/en\/wp-json\/wp\/v2\/media\/28828"}],"wp:attachment":[{"href":"https:\/\/fica-oc.pt\/en\/wp-json\/wp\/v2\/media?parent=45155"}],"wp:term":[{"taxonomy":"post_tag","embeddable":true,"href":"https:\/\/fica-oc.pt\/en\/wp-json\/wp\/v2\/tags?post=45155"},{"taxonomy":"event_type","embeddable":true,"href":"https:\/\/fica-oc.pt\/en\/wp-json\/wp\/v2\/event_type?post=45155"},{"taxonomy":"event_type_2","embeddable":true,"href":"https:\/\/fica-oc.pt\/en\/wp-json\/wp\/v2\/event_type_2?post=45155"}],"curies":[{"name":"wp","href":"https:\/\/api.w.org\/{rel}","templated":true}]}}

<div class="wp-block-group alignfull is-layout-constrained wp-block-group-is-layout-constrained">
<div class="wp-block-columns alignfull is-layout-flex wp-container-core-columns-is-layout-1a9244c7 wp-block-columns-is-layout-flex">
<div class="wp-block-column is-layout-flow wp-block-column-is-layout-flow">
<h1 class="wp-block-heading has-medium-font-size" style="font-style:normal;font-weight:700">Handmade Paper Workshop</h1>



<p class="wp-block-paragraph"><strong>May 9th, 2026<br>Saturday | 14h30 - 17h30</strong><br>Price - 65€ (Material included)<br>Trainer - <a href="https://www.instagram.com/rita.faia/" target="_blank" rel="noopener">Rita Faia</a><br>Note: This workshop takes place on floor -1, accessible only by stairs.</p>



<div class="wp-block-columns is-layout-flex wp-container-core-columns-is-layout-0098f7a7 wp-block-columns-is-layout-flex" style="padding-right:0;padding-left:0">
<div class="wp-block-column is-layout-flow wp-container-core-column-is-layout-eab7f3cd wp-block-column-is-layout-flow" style="padding-right:var(--wp--preset--spacing--20);padding-left:var(--wp--preset--spacing--20)">
<figure class="wp-block-image size-full"><img loading="lazy" decoding="async" width="400" height="400" src="https://fica-oc.pt/wp-content/uploads/2026/03/fica-workshop-Fabrico-Papel-Artesanal-01.webp" alt="handmade paper workshop" class="wp-image-45159" srcset="https://fica-oc.pt/wp-content/uploads/2026/03/fica-workshop-Fabrico-Papel-Artesanal-01.webp 400w, https://fica-oc.pt/wp-content/uploads/2026/03/fica-workshop-Fabrico-Papel-Artesanal-01-300x300.webp 300w, https://fica-oc.pt/wp-content/uploads/2026/03/fica-workshop-Fabrico-Papel-Artesanal-01-150x150.webp 150w, https://fica-oc.pt/wp-content/uploads/2026/03/fica-workshop-Fabrico-Papel-Artesanal-01-12x12.webp 12w, https://fica-oc.pt/wp-content/uploads/2026/03/fica-workshop-Fabrico-Papel-Artesanal-01-161x161.webp 161w" sizes="auto, (max-width: 400px) 100vw, 400px" /></figure>
</div>



<div class="wp-block-column is-layout-flow wp-block-column-is-layout-flow" style="padding-right:var(--wp--preset--spacing--20);padding-left:var(--wp--preset--spacing--20)">
<figure class="wp-block-image size-full"><img loading="lazy" decoding="async" width="400" height="400" src="https://fica-oc.pt/wp-content/uploads/2026/03/fica-workshop-Fabrico-Papel-Artesanal-02.webp" alt="handmade paper workshop" class="wp-image-45160" srcset="https://fica-oc.pt/wp-content/uploads/2026/03/fica-workshop-Fabrico-Papel-Artesanal-02.webp 400w, https://fica-oc.pt/wp-content/uploads/2026/03/fica-workshop-Fabrico-Papel-Artesanal-02-300x300.webp 300w, https://fica-oc.pt/wp-content/uploads/2026/03/fica-workshop-Fabrico-Papel-Artesanal-02-150x150.webp 150w, https://fica-oc.pt/wp-content/uploads/2026/03/fica-workshop-Fabrico-Papel-Artesanal-02-12x12.webp 12w, https://fica-oc.pt/wp-content/uploads/2026/03/fica-workshop-Fabrico-Papel-Artesanal-02-161x161.webp 161w" sizes="auto, (max-width: 400px) 100vw, 400px" /></figure>
</div>



<div class="wp-block-column is-layout-flow wp-block-column-is-layout-flow" style="padding-right:var(--wp--preset--spacing--20);padding-left:var(--wp--preset--spacing--20)">
<figure class="wp-block-image size-full"><img loading="lazy" decoding="async" width="400" height="400" src="https://fica-oc.pt/wp-content/uploads/2026/03/fica-workshop-Fabrico-Papel-Artesanal-03.webp" alt="handmade paper workshop" class="wp-image-45161" srcset="https://fica-oc.pt/wp-content/uploads/2026/03/fica-workshop-Fabrico-Papel-Artesanal-03.webp 400w, https://fica-oc.pt/wp-content/uploads/2026/03/fica-workshop-Fabrico-Papel-Artesanal-03-300x300.webp 300w, https://fica-oc.pt/wp-content/uploads/2026/03/fica-workshop-Fabrico-Papel-Artesanal-03-150x150.webp 150w, https://fica-oc.pt/wp-content/uploads/2026/03/fica-workshop-Fabrico-Papel-Artesanal-03-12x12.webp 12w, https://fica-oc.pt/wp-content/uploads/2026/03/fica-workshop-Fabrico-Papel-Artesanal-03-161x161.webp 161w" sizes="auto, (max-width: 400px) 100vw, 400px" /></figure>
</div>
</div>



<h2 class="wp-block-heading has-medium-font-size" style="font-style:normal;font-weight:700">Description</h2>



<p class="wp-block-paragraph">In the handmade paper workshop, participants will experience the handmade process of recycling paper, from processing the pulp to creating a new sheet. The materials needed to make it and the different properties of paper will be covered, with a focus on transforming and enhancing it, either by changing its shape and color or by adding new elements (leaves, petals, lines...).Recycling paper has many advantages, not only because it consumes less water and energy (compared to processing virgin fibers), but also because it makes it possible to use scraps of paper that would otherwise be discarded.</p>



<p class="wp-block-paragraph">No previous knowledge necessary.</p>



<h2 class="wp-block-heading has-medium-font-size" style="font-style:normal;font-weight:700">Practical Exercise</h2>



<p class="wp-block-paragraph">Using waste paper from various sources, sizes, colors and textures, you will learn how to prepare it for recycling and making handmade paper. Machines and tools that are handmade or easily accessible will be used, so that you can continue to apply the methods taught in your home production. Using the various elements available, we will transform the color, shape and texture of the paper to make sheets of different shapes and sizes.</p>



<h2 class="wp-block-heading has-medium-font-size" style="font-style:normal;font-weight:700">Program content</h2>



<p class="wp-block-paragraph">Introduction to papermaking, its sources and manufacturing processes - Papermaking using waste paper - Transforming and changing the shape, color and texture of paper - Drying and storage process.</p>



<h2 class="wp-block-heading has-medium-font-size" style="font-style:normal;font-weight:700">Material</h2>



<p class="wp-block-paragraph">Papel para reciclar / elementos botânicos / linhas
•   Molduras e Teias
•   Tinas, trituradora e panos
•   Cada participantes levará a pilha de folhas criadas durante o workshop
•   Mini-manual de introdução à produção de papel artesanal</p>



<h2 class="wp-block-heading has-medium-font-size" style="font-style:normal;font-weight:700">Waiting List</h2>



<p class="wp-block-paragraph">Cancellations may occur. If the training is sold out and you would like to receive an alert if there are any withdrawals, send an e-mail to workshop@fica-oc.pt, with the subject line '<strong>waiting list - papermaking workshop</strong>If there is a cancellation for this specific workshop, we will let you know.<br>We don't take reservations for future courses. If you want to find out first-hand about the next month's courses, you can subscribe to our <a href="https://fica-oc.pt/en/newsletter-2/">Newsletter</a>.<br></p>



<h2 class="wp-block-heading has-medium-font-size" style="font-style:normal;font-weight:700">About the trainer</h2>



<p class="wp-block-paragraph">Rita Faia was born in 1987 in Lisbon. She has a postgraduate degree in Artistic Illustration from Estal/UAL and a degree in Painting from the Faculty of Fine Arts in Lisbon.During a Nature Drawing Course she discovered field trips and a love of drawing plants and since then botany has been the main focus of her work. She works with drawing, gouache painting, alternative photographic processes and handmade papermaking.</p>



<h2 class="wp-block-heading has-medium-font-size" style="font-style:normal;font-weight:700">Cancellation of Registration</h2>



<p class="wp-block-paragraph">IMPORTANT - Cancellation/postponement/refund of registrations (including gift voucher registrations) is only allowed if you give us at least 7 days' notice before the start of the workshop. If you cancel less than 7 days before the start of the workshop, we will do our best to fill your place, however, you can only postpone the workshop (or put the amount in a gift voucher) if your place is filled.</p>



<p class="wp-block-paragraph">If a trainee fails to attend one or more training sessions, FICA is not responsible for replacing or compensating for that session.<br>To cancel/admit/refund, send an e-mail to workshop@fica-oc.pt<br>Find out more at <a href="https://fica-oc.pt/en/terms-and-conditions/">terms and conditions</a> from the website.</p>



<h2 class="wp-block-heading has-medium-font-size" style="font-style:normal;font-weight:700">No. of trainees</h2>



<p class="wp-block-paragraph">Minimum number: 6pax / Maximum number: 9pax<br>According to our terms, the training may be canceled if the minimum number of trainees is not met - Find out more at <a href="https://fica-oc.pt/en/terms-and-conditions/">terms and conditions</a> from the website.<br>Minimum age for participation: 16 years / Accompanied by an adult (two entries): 14 years</p>



<h2 class="wp-block-heading has-medium-font-size" style="font-style:normal;font-weight:700">Other Workshops</h2>



<p class="wp-block-paragraph">In addition to the handmade paper workshop, we have other workshops such as screen printing or marbled paper.<em>.</em><br>It accompanies the <a href="https://fica-oc.pt/en/workshops/">Workshops</a>.</p>



<hr class="wp-block-separator has-text-color has-custom-d-grey-fica-color has-alpha-channel-opacity has-custom-d-grey-fica-background-color has-background"/>



<p class="wp-block-paragraph"><strong><strong>The workshop is held in Portuguese. If you don't speak Portuguese, we will try to translate in English. But understand that Portuguese will be the main language.</strong></strong></p>



<p class="wp-block-paragraph" style="padding-top:var(--wp--preset--spacing--60);padding-bottom:var(--wp--preset--spacing--60)">Photo credit: Rita Faia</p>
</div>
</div>
</div>
